ded by 63?
7
What is the remainder when 17613832 is divided by 21?
19
What is the remainder when 224205 is divided by 112101?
3
What is the remainder when 180771 is divided by 12?
3
What is the remainder when 8849365 is divided by 116?
73
What is the remainder when 15603204 is divided by 917835?
9
What is the remainder when 18281630 is divided by 908?
866
Calculate the remainder when 184981274 is divided by 92490627.
20
Calculate the remainder when 193425 is divided by 12498.
5955
What is the remainder when 5982 is divided by 2282?
1418
Calculate the remainder when 768014 is divided by 320.
14
Calculate the remainder when 53012958 is divided by 55.
53
What is the remainder when 754468287 is divided by 32?
31
What is the remainder when 219234 is divided by 1976?
1874
What is the remainder when 16431 is divided by 6455?
3521
What is the remainder when 1340706 is divided by 394?
318
What is the remainder when 19387336 is divided by 140?
136
Calculate the remainder when 82883 is divided by 872.
43
Calculate the remainder when 470693 is divided by 470385.
308
Calculate the remainder when 3180685 is divided by 14.
11
Calculate the remainder when 25935857 is divided by 25.
7
Calculate the remainder when 3475001 is divided by 6409.
1323
What is the remainder when 43232735 is divided by 308?
7
Calculate the remainder when 37050 is divided by 2455.
225
Calculate the remainder when 69277 is divided by 357.
19
Calculate the remainder when 36414298 is divided by 9103569.
22
Calculate the remainder when 4098206 is divided by 8538.
8504
What is the remainder when 2093492907 is divided by 30?
27
What is the remainder when 51865369 is divided by 4322113?
13
Calculate the remainder when 1691877 is divided by 345.
342
What is the remainder when 20810986 is divided by 10405493?
0
Calculate the remainder when 1364082 is divided by 721.
671
Calculate the remainder when 2635266 is divided by 2222.
2196
What is the remainder when 981731 is divided by 869?
630
What is the remainder when 365564257 is divided by 3578?
3575
Calculate the remainder when 3305 is divided by 357.
92
Calculate the remainder when 15398 is divided by 6293.
2812
Calculate the remainder when 61184 is divided by 10157.
242
Calculate the remainder when 35769 is divided by 11382.
1623
Calculate the remainder when 192094 is divided by 1888.
1406
Calculate the remainder when 66264 is divided by 66261.
3
Calculate the remainder when 33508 is divided by 1761.
49
Calculate the remainder when 851691 is divided by 20272.
267
What is the remainder when 1410156 is divided by 246?
84
What is the remainder when 96637 is divided by 31845?
1102
Calculate the remainder when 91370459 is divided by 62.
5
Calculate the remainder when 10112991 is divided by 2528244.
15
What is the remainder when 5314042 is divided by 54222?
286
Calculate the remainder when 112707 is divided by 2398.
1
What is the remainder when 92868 is divided by 92839?
29
What is the remainder when 19281 is divided by 246?
93
What is the remainder when 147247219 is divided by 43?
40
Calculate the remainder when 34342515 is divided by 1907916.
27
What is the remainder when 1043207 is divided by 238?
53
Calculate the remainder when 408458801 is divided by 214.
211
Calculate the remainder when 11281851 is divided by 11281827.
24
Calculate the remainder when 2690866 is divided by 538171.
11
What is the remainder when 6133709 is divided by 1226712?
149
What is the remainder when 49839935 is divided by 491?
489
Calculate the remainder when 44051 is divided by 9114.
7595
Calculate the remainder when 23022719 is divided by 69.
41
What is the remainder when 35159 is divided by 138?
107
Calculate the remainder when 150135 is divided by 149983.
152
Calculate the remainder when 319279 is divided by 12771.
4
Calculate the remainder when 687947 is divided by 236.
7
What is the remainder when 3964476 is divided by 1242?
12
What is the remainder when 348515 is divided by 271?
9
What is the remainder when 36070403 is divided by 7686?
5
Calculate the remainder when 80517 is divided by 1712.
53
Calculate the remainder when 40928 is divided by 1856.
96
Calculate the remainder when 304968414 is divided by 60.
54
Calculate the remainder when 76053 is divided by 370.
203
What is the remainder when 1649503 is divided by 486?
19
What is the remainder when 939162 is divided by 313051?
9
Calculate the remainder when 25727326 is divided by 864.
862
What is the remainder when 179338 is divided by 1529?
445
What is the remainder when 537838 is divided by 1462?
1284
What is the remainder when 540111 is divided by 30?
21
Calculate the remainder when 127423 is divided by 554.
3
Calculate the remainder when 215712 is divided by 15393.
210
What is the remainder when 8128128 is divided by 95625?
3
What is the remainder when 6625893 is divided by 946552?
29
Calculate the remainder when 672488 is divided by 289.
274
What is the remainder when 522925 is divided by 40205?
260
Calculate the remainder when 732350 is divided by 55794.
7028
Calculate the remainder when 11338800 is divided by 552.
168
What is the remainder when 6548853 is divided by 198?
3
Calculate the remainder when 9110522 is divided by 164.
158
What is the remainder when 6221698 is divided by 540?
358
What is the remainder when 3402 is divided by 195?
87
Calculate the remainder when 10727914 is divided by 218936.
50
What is the remainder when 11052557 is divided by 84?
5
Calculate the remainder when 1926083 is divided by 1925134.
949
Calculate the remainder when 8630788 is divided by 139.
0
Calculate the remainder when 59170399 is divided by 283.
193
What is the remainder when 3373 is divided by 1089?
106
What is the remainder when 48227924 is divided by 609?
605
What is the remainder when 2099940 is divided by 6?
0
Calculate the remainder when 138852562 is divided by 593387.
4
Calculate the remainder when 415678 is divided by 82495.
3203
What is the remainder when 4361997 is divided by 18883?
24
What is the remainder when 381869 is divided by 190888?
93
What is the remainder when 80150 is divided by 3764?
1106
Calculate the remainder when 152323876 is divided by 22.
12
Calculate the remainder when 236527 is divided by 224.
207
Calculate the remainder when 11473723 is divided by 23.
12
What is the remainder when 5321489 is divided by 443456?
17
Calculate the remainder when 10507595 is divided by 69.
68
Calculate the remainder when 617106 is divided by 616807.
299
What is the remainder when 2620853 is divided by 4835?
283
Calculate the remainder when 1274545 is divided by 29640.
25
What is the remainder when 55267 is divided by 24?
19
Calculate the remainder when 88750479 is divided by 835.
834
Calculate the remainder when 52106 is divided by 652.
598
Calculate the remainder when 136044 is divided by 301.
293
Calculate the remainder when 62870591 is divided by 77.
14
What is the remainder when 1624532 is divided by 18253?
15
Calculate the remainder when 30197 is divided by 548.
57
Calculate the remainder when 23999 is divided by 1831.
196
What is the remainder when 755653 is divided by 1111?
173
What is the remainder when 548578 is divided by 1559?
1369
What is the remainder when 53761 is divided by 898?
779
Calculate the remainder when 13789422 is divided by 4596384.
270
Calculate the remainder when 3863830 is divided by 211.
209
Calculate the remainder when 36408 is divided by 2591.
134
What is the remainder when 52323 is divided by 799?
388
Calculate the remainder when 11323869 is divided by 288.
285
Calculate the remainder when 18968965 is divided by 25.
15
What is the remainder when 2246585 is divided by 15171?
1277
What is the remainder when 411607 is divided by 411597?
10
What is the remainder when 1799992 is divided by 14?
12
What is the remainder when 46510 is divided by 2111?
68
Calculate the remainder when 49330 is divided by 1880.
450
What is the remainder when 344348 is divided by 993?
770
Calculate the remainder when 4210318 is divided by 14413.
1722
What is the remainder when 167877 is divided by 32873?
3512
What is the remainder when 124000892 is divided by 62000445?
2
Calculate the remainder when 364631 is divided by 33096.
575
Calculate the remainder when 677253 is divided by 962.
5
Calculate the rem